the highest common divisor of s and 369.
9
Suppose -8*q - 9 = -25. Suppose 4*g - 88 = 5*w + 40, 140 = 4*g - q*w. What is the highest common factor of g and 703?
37
Let w = -7889 + 7913. Let p be (0 - 1)/(-1) + -7. Let o be (3 + -33)*p/5. Calculate the highest common divisor of w and o.
12
Suppose -136*i + 132*i = 2*d - 4482, -i = 2*d - 1116. What is the greatest common divisor of i and 198?
66
Suppose -d = z - 1026, d - z - 1022 = -0*d. Calculate the greatest common divisor of 88 and d.
8
Let o = 107 - 102. Suppose -4*k + 3*z = -17, o*z - 2*z - 3 = 0. What is the greatest common divisor of k and 35?
5
Let a(w) = -25*w + 2581. Let f be a(101). What is the greatest common factor of 344 and f?
8
Let a be 12/8*3/(-18)*-128. Suppose 9*n - 238 = a. Calculate the highest common divisor of 330 and n.
30
Let w(f) be the third derivative of f**4/12 + 13*f**3/3 + 69*f**2. Let q be w(3). Let i = -13 - -21. Calculate the highest common factor of q and i.
8
Suppose 2*p - 5*p + 105 = 0. Let h(y) = 50*y + 4970. Let w be h(-98). What is the greatest common factor of w and p?
35
Let f = 28709 - -3249. Calculate the greatest common divisor of 38 and f.
38
Suppose -5*m - 1215 = -2*b, -235*b = -236*b - 4*m + 627. What is the highest common factor of 195 and b?
15
Let y be ((-28)/(-24) - 1) + 275/6. Suppose 15*m = 31*m - 8*m - 2392. Calculate the highest common factor of y and m.
23
Let o(c) = -3*c**2 - 77*c + 29. Let s be o(-26). Let j be (s - (1 - 0))/((-3)/(-132)). Calculate the highest common factor of j and 66.
22
Let v = 35998 - 20635. Calculate the highest common divisor of v and 9.
9
Let h = 1390 + -865. What is the greatest common divisor of h and 147?
21
Suppose -3 = 2*a - 7. Suppose -3*g = -a*m + 107, -3*m + 3*g - 31 = -4*m. What is the greatest common divisor of 69 and m?
23
Let v be -17 - 33*12/(-12). Calculate the highest common divisor of 2056 and v.
8
Let p(i) = 178*i + 68. Let x be p(9). Suppose -x = -8*f + 3*f + 5*w, 0 = f - 4*w - 322. Calculate the highest common factor of f and 26.
26
Suppose -3*m + 75 = 2*z, m - 5*z = 2*m - 38. Suppose -64*v + 16345 = 3097. Calculate the greatest common divisor of m and v.
23
Let c = -571 + 396. Let t = c - -232. What is the highest common factor of t and 627?
57
Let g be (-398 - -13844)/(1*2). What is the highest common factor of 83 and g?
83
Let c = -78 - -353. Let t be 73/3 + 8/12. Calculate the highest common divisor of c and t.
25
Let y = 7773 - 3379. Calculate the greatest common factor of 13 and y.
13
Let y be ((-10)/4)/((-215)/30 + 7). Suppose t - 3 = -z, 2*z + t - 4 - 5 = 0. Calculate the greatest common factor of y and z.
3
Let i(v) = -20*v + 36. Let m = 308 + -308. Let x be i(m). Calculate the highest common factor of 12 and x.
12
Suppose 3*q + 2*q = 235. Suppose 4*u = 5*d + q, 2*u = 3*d - d + 24. Let v = -25 + 38. What is the greatest common divisor of v and u?
13
Let n be ((-8)/4 + -30)/(-1). Suppose 4*p + 370 = 3*f + 2034, 0 = 4*p + 2*f - 1664. Calculate the greatest common divisor of p and n.
32
Let x = -304 - -300. Let y be -20*50/x - (-38 + 36). Calculate the highest common divisor of y and 12.
12
Let o = 48 - 43. Suppose o*b = -n + 18, -2*n - b + 21 = 4*b. Let w(r) = -5*r. Let k be w(-3). What is the greatest common factor of n and k?
3
Let m = 175 + -172. Suppose 3*y + i - 23 = 0, -m*i - 3 = -0*i. Calculate the highest common factor of y and 152.
8
Suppose f = -0*f + 116. Suppose -4*l + 5*s = -343, 352*l = 356*l - 4*s - 344. What is the highest common divisor of l and f?
29
Let k(z) = -z**3 - 3*z**2 + 5*z + 54. Let r be k(-3). What is the greatest common divisor of 39 and r?
39
Let b be (-3)/15 + 32/10. Suppose m = -4*z - 3, 5*m - z + 13 = 8*m. Suppose -3*p + 25 = m*v, -5 = v - 1. Calculate the greatest common divisor of p and b.
3
Suppose -4*s + 36562 = -2*w, 0*w + 9*w = 2*s - 18273. Calculate the greatest common divisor of s and 33.
33
Let m = 20220 + -20210. Let t(p) = 4*p**2 + 4*p. Let f be t(4). Calculate the greatest common factor of m and f.
10
Let u = -1213 + 1402. What is the greatest common factor of 270 and u?
27
Suppose 29*y - 743 = -8*y + 2698. What is the greatest common factor of y and 713?
31
Let u be (1 - (-5 + 2)) + 1. Suppose -3*m - 67 = -5*q, -u*m - 98 = -m + 2*q. Let r be (-6)/9 - 2824/m. Calculate the highest common divisor of r and 13.
13
Suppose f + 3*b = 366, -2*f + b = -743 + 39. What is the greatest common factor of 3009 and f?
177
Suppose -2*k + 5*d - 6 = 0, -4*k + 16 = 5*d - 2. Let f be (-1432)/(-48) + k - (-1)/6. Calculate the greatest common divisor of f and 352.
32
Let b = -11 + 15. Let q(g) = -4*g - 80. Let x be q(-21). Let v be x - (-1)/(3/18). What is the highest common divisor of v and b?
2
Let j be ((-20)/50)/((-1)/(-5)). Let h be (17 - 11)/(j/(-12)). Let v be 2/(-10) + h/30. Calculate the greatest common divisor of 4 and v.
1
Suppose 0 = 42*j - 86449 - 184451. What is the highest common factor of 300 and j?
150
Let c = 414 + 41. Calculate the highest common factor of c and 130.
65
Suppose 56*p - 39193 = -13561 + 38432. Calculate the greatest common factor of p and 832.
104
Suppose -2*s - 162 = -8*s. Suppose -12*q + s*q = 1080. Calculate the greatest common divisor of 9 and q.
9
Let c be 680 - (129/18 + 35/(-84)*-2). What is the greatest common factor of 2400 and c?
96
Let a(m) = 3*m**3 - 71*m**2 - 18*m - 18. Let g be 22 + ((-512)/(-272) - 4/(-34)). Let o be a(g). Calculate the greatest common factor of 18 and o.
18
Let z be 3 - (-3 + 182/(-13)). Calculate the highest common factor of z and 690.
10
Suppose -32*c + 27*c = -385. Suppose -4*l - 5*y + 83 = 0, 0*l + 4*l = -3*y + c. Calculate the highest common divisor of l and 731.
17
Let i = -13 + 172. Let l be i + 1*(-3 + -2). What is the highest common divisor of l and 14?
14
Suppose u - 3*w - 149 = -2*w, 4*u - 605 = -5*w. Suppose 394*p - 13*p - 30995 - 565 = -145*p. Calculate the highest common factor of u and p.
30
Suppose 49*b + 7771 = -149*b + 46579. What is the greatest common factor of 18 and b?
2
Let k = -2115 - -2210. Let u(v) = -v**3 - v + 10. Let t be u(0). What is the greatest common factor of t and k?
5
Let g be 135/((-22)/4 + 5). Let l = -130 - g. Calculate the highest common divisor of 56 and l.
28
Let y = -140 + -262. Suppose -15 = -5*h - 0*h. Let n be y/(-24) + h/(-4). Calculate the highest common factor of n and 24.
8
Suppose -1133 = 32*s + 9523. Let t = s - -671. What is the greatest common factor of t and 26?
26
Suppose -32*z + 5 = -31*z, -5*x + 15 = -5*z. Suppose -466 = -3*m + 149. Suppose m = x*t - 179. Calculate the highest common divisor of 3 and t.
3
Suppose -4*d + 238 = 250, 0 = 3*f - 3*d - 2220. Calculate the greatest common divisor of f and 22.
11
Suppose 5*w + 0*w - 2*x = -60, -5*w - 4*x - 60 = 0. Let z be 43 + (w + 4)/4. Let t be 165/2 - 1/2. Calculate the greatest common divisor of z and t.
41
Let k = 10465 - 1245. What is the greatest common divisor of k and 20?
20
Suppose -3 - 2 = -5*b, 0 = 5*j - b - 2394. Let s = j + -281. What is the greatest common factor of s and 66?
66
Let p be 9375/90 - (-15)/18. Suppose -4*u + 189 = -r, 2*r = 2*u + 5*r - p. What is the highest common factor of 3 and u?
3
Suppose 0 = 5*o - 212 - 103. Let p be (-2261)/969*((-4)/16 - (-143)/(-4)). What is the highest common factor of o and p?
21
Let s be (-260)/(-45) - 200/(-900). Let v(i) = -3*i - 6. Let f be v(-6). Calculate the highest common divisor of s and f.
6
Let v = 22 + -3. Let c(j) = j**3 - 9*j**2 + 8*j. Let o be c(8). Let u be 6/((-42)/7)*(-1 - o). Calculate the highest common factor of v and u.
1
Let v(d) = -8*d + 15. Let f be v(8). Let c = 53 + f. Suppose z - 55 = c*t, -2*t - 202 = -5*z + 1. Calculate the highest common divisor of z and 351.
39
Suppose -1 = -v + 5*m - 6, -4*m = -4. Suppose 10*y - 8*y - 336 = v. Suppose n + y = 454. What is the greatest common factor of 26 and n?
26
Let w = 15778 + -15736. What is the highest common factor of 2496 and w?
6
Suppose 19 = -c + 40. Suppose 482 = 3*d - d + 4*z, 3*d + 4*z = 713. Calculate the greatest common factor of d and c.
21
Suppose 83*w + 100 = 87*w + 3*a, 4*w - 5*a = 132. What is the highest common divisor of w and 1078?
14
Let x(t) = 893*t - 1740. Let y be x(4). What is the greatest common divisor of 8 and y?
8
Suppose 0 = a - 3 + 9. Le